ite number?
True
Let j(w) = 69*w**2 - 12*w - 2. Let s(h) = h**2 + h. Let q(l) = j(l) + 2*s(l). Let y = 9635 + -9638. Is q(y) a prime number?
False
Suppose 40 = -7*h + 17*h. Suppose h*b - 4*a - 17778 = 9638, 3*b + 5*a = 20586. Is b a composite number?
False
Suppose -4966 = -3*b + 16*b. Is ((-58)/6)/((-6)/(-9))*b prime?
False
Let r(t) = -1297*t - 68. Let m be r(-7). Let u = m - 4966. Is u a composite number?
True
Let i(p) = p**3 + 30*p**2 - 13*p + 19. Let c be i(-30). Let l = c - -94. Is l prime?
True
Suppose 53814*q - 53803*q - 5892293 = 0. Is q a prime number?
True
Suppose c - 5*c = 2844. Let a be (-15)/(-40) - c/24. Suppose -v = -79 + a. Is v prime?
False
Let s be (7 + 0 - 7957) + 5. Let d = 12276 + s. Is d prime?
False
Suppose -z + 4*u + 22 = -0*u, -4*z = 5*u - 4. Let f be (z/10)/((-20)/(-100)). Is f/1*7892/12 a composite number?
False
Is (-206)/(-412)*(1158812 - -2) composite?
False
Let l(c) = 3645*c - 159. Let x = -174 + 184. Is l(x) prime?
False
Let d(c) = 756*c - 18 + 1512*c - 569*c. Let t be d(3). Suppose 11*x - t = 8*x. Is x a composite number?
False
Let t(n) = 2*n**3 - 10*n**2 + n - 5. Let y be t(5). Suppose -472*h + 479*h - 105553 = y. Is h composite?
True
Let x(j) = 5*j**2 - 10*j. Let o(p) = -6*p**2 + 10*p. Suppose -6 = 15*z - 17*z. Let d(m) = z*x(m) + 2*o(m). Is d(7) a prime number?
False
Let x be 1/(2/72) + -1. Let d = x + 3. Let a = d - -59. Is a composite?
False
Let l = 3758 + -2264. Let v = l - 817. Is v prime?
True
Let i = -33291 - -958898. Is i composite?
False
Suppose -3*i - 8408 = -2*p, 12*p + 2*i - 21001 = 7*p. Is p prime?
True
Is (68625540/156)/15 + (-2)/13 composite?
False
Suppose 7*a - 3*a - 1691 = -3*j, 3*a + 8*j - 1297 = 0. Is a prime?
True
Let x be (55 + -49)/(0 + 1/5331). Is (9/(-6))/((-27)/x) composite?
False
Let h(f) = 1. Suppose 0 = -y + 5*g + 3 - 14, 4*y = -2*g. Let l(i) = 9*i + 30. Let q(n) = y*l(n) - 5*h(n). Is q(-8) prime?
True
Let h(w) = 535*w**2 + 95*w - 2727. Is h(23) prime?
False
Let x be 7186/(-2*1/1). Is (-3 - x)*(-2)/(-4) composite?
True
Suppose -107 = 4*j - y + 81, -j = 5*y + 68. Let c = -33 - j. Is 449*9/c + (-8)/20 prime?
True
Suppose -f = -5*w - 9294, 0*w - 1864 = w + 5*f. Suppose -2*u = -4*y - 2153 + 633, y - 2*u + 374 = 0. Let p = y - w. Is p composite?
True
Let y(k) = 1082*k + 157. Let l(s) = 2160*s + 314. Let x(m) = -3*l(m) + 5*y(m). Is x(-17) a composite number?
True
Let f(j) = -180*j + 151. Is f(-19) prime?
True
Let s(b) = -68*b + 2598. Is s(28) composite?
True
Suppose 0 = -5*p - 3*b - 4, 3*b + 13 = -2*p + 15. Is p/1*396560/(-32) prime?
False
Let u(d) = -d. Let l be u(13). Let v be 2/l - (-6066)/(-117). Let f = 1159 - v. Is f a composite number?
True
Let o(h) = h**2 - 3*h + 19 + h**3 - 8*h - 22. Is o(8) composite?
True
Let x(l) = -l**3 - 6*l**2 - 15*l - 4*l**3 - 2*l**3 + 3*l**3 - 4. Let h be x(-6). Suppose -2*g + h = 4*p, 3*g + 0*g = -5*p + 1101. Is g prime?
True
Suppose 1457*s - 1456*s - 39775 = -4*x, 0 = 4*x - s - 39769. Is x a prime number?
False
Let o(h) = -h**3 + 12*h**2 + 7*h + 13. Suppose -34*q = -29*q - 40. Suppose q*u - 27 = 5*u. Is o(u) a composite number?
True
Let p(j) = j**2 + 16*j + 97. Let z be p(-36). Suppose -11*a + 12526 = -z. Is a prime?
True
Suppose -2*u + 3*d + 185213 = 59199, -5*u + 4*d + 315021 = 0. Is u a composite number?
True
Suppose 56*u - 70*u = -11438. Let d = 3590 - u. Is d a prime number?
False
Let v be ((1 - -3) + -2)*6/4. Suppose -v*k = -l + 3194, -3*l + 4*k + 1812 + 7775 = 0. Is l a composite number?
True
Is -27 + 4 + 16 + 710354 a composite number?
True
Let t be (-6 + 6)/(1 + -2). Suppose 314 = 4*h + 2*b, t*h + h = -3*b + 86. Suppose 74*n = h*n - 1266. Is n a composite number?
True
Suppose -23*t + 2*v = -22*t, 3 = 4*t - 5*v. Suppose 0 = -t*h + 3*p + 1654 + 18357, -50031 = -5*h + 4*p. Is h prime?
True
Let z = 29 - 27. Suppose 4*x + 3*t - 67 = 0, 3*t - t = z. Suppose 0 = x*s - 3*s - 5083. Is s composite?
True
Suppose 3*v - 9 = -3*c - 0, 5*c - 3 = -2*v. Suppose -n = -v*k + 3*k - 19, 2*n = -k + 26. Suppose -4196 = -19*f + n*f. Is f prime?
True
Suppose -2*d + i = -3*d + 6320, 2*i = -6. Is d a prime number?
True
Let h(t) = 12*t**2 - 19*t - 270. Is h(-19) prime?
True
Let w(s) = s**2 + 23*s + 13. Let q be w(-23). Suppose -q*m + 40100 + 20987 = 0. Is m a composite number?
True
Let p(k) = -261173*k + 404. Is p(-1) prime?
True
Suppose -5*v + 5*z + 2767 = z, -4 = -2*z. Suppose 3*h = 7*h + n - 2169, h = 4*n + v. Is h composite?
True
Let w be (-2)/(-5) - (-12)/(-5) - -3. Let r be (w - (2 + -2))/((-8)/(-32)). Suppose -2*d - 616 + 2741 = -3*y, 5*d = r*y + 5309. Is d a composite number?
False
Let q = -52 - -60. Let m be q*(6/(-4) + 2). Suppose -3*x - 314 = -m*v, 5*v - 205 = -x + 178. Is v prime?
False
Let j be 4 + -2 + 3472 + -3. Suppose 5*b + j + 54 = 0. Let i = -148 - b. Is i a composite number?
False
Is ((-29151025)/75 + -22)*(-4 + 1) prime?
True
Let s(d) = -110*d**2 - 72*d + 9. Let w be s(-15). Let o = -7934 - w. Is o a prime number?
True
Let c(h) = -3489*h**3 + 72*h**2 + 313*h + 11. Is c(-4) prime?
True
Let p = 706 + -710. Is p/10 + 0 + 536470/50 a prime number?
True
Is 8 + (-16 - -93067) - 6/(-3) a prime number?
False
Let r be (-11)/22*(3 + -1). Let x be r*5/((-10)/4). Suppose -3*w - 5*n + 135 = 2*w, x*w - 42 = -5*n. Is w prime?
True
Suppose 4*t - 2*m - 11995 = 10441, 22428 = 4*t - 4*m. Let s = -3408 + t. Is s prime?
True
Suppose -31*j = -36*j - 66275. Let l = -22311 - -12849. Let c = l - j. Is c a prime number?
True
Let m = 7334 + -1455. Is m a composite number?
False
Let s be 1 - 1 - (3 + -4 + -1). Let k = s - 0. Suppose 0 = -k*t - 0*t + h + 3311, 6613 = 4*t - 5*h. Is t a prime number?
True
Let q(b) = 6 + 102*b + 20 - 1441*b. Is q(-3) composite?
True
Let b = -226 + 217. Is (-53309)/b - (-42)/(-189) prime?
True
Suppose 26*s - 11*s - 5100 = 0. Let n = 523 + s. Is n a prime number?
True
Is (261/(-15))/((-42)/79835)*2 a composite number?
True
Let y = 65 - 75. Let p be (0 + 4/(-10))*50/y. Suppose 4*a = -p*q + 3942, 4*q = a - 2*a + 7919. Is q prime?
False
Let u = -8366 + 15271. Let x be (9/6)/(6/8). Suppose 4*d = 3*c + u, -x*d - 3*d + 2*c = -8633. Is d a composite number?
True
Let s(y) = -y**3 - 15*y**2 - 25*y + 2. Let x be s(-13). Is (x/(-33))/((-2)/(-154866)) a composite number?
True
Let t(f) = -9*f. Let y be t(-1). Let v(j) = 3*j + 56. Is v(y) a composite number?
False
Let p be 2/10 - (4 - (-196)/(-20)). Suppose -3*f = -2*n - 808, -n + 557 = 2*f - p*n. Let c = 587 + f. Is c prime?
True
Let b(a) = 62*a**3 - 33*a**2 + 227*a - 5. Is b(6) prime?
False
Let y = -37353 - -186044. Is y a prime number?
True
Suppose -25*o - 45234 = -d - 26*o, -2*d = o - 90467. Is d a prime number?
True
Suppose 2*a + o + 4*o - 1336674 = 0, 5*a = 4*o + 3341751. Is a a composite number?
False
Suppose 3*b - 2*u = 1379745, 4*u - 152163 - 307724 = -b. Is b a composite number?
True
Let x(o) = -3*o**3 - 7*o**2 - 6*o - 38. Let f be x(-9). Suppose 4*u - 1056 = f. Is u a composite number?
False
Suppose -76*w = -143*w + 71*w - 183452. Is w prime?
True
Suppose -3*c - 4*u + 74211 = 0, -5*u + 4883 + 44598 = 2*c. Is c a prime number?
True
Let z(l) = -3*l**3 + 3*l**2 + 9*l - 502. Is z(-35) composite?
True
Is 348261 - (-21)/(105/(-40)) prime?
True
Let u = -22922 + 50179. Is u a prime number?
False
Suppose 25*y - 113526 - 343999 = 0. Is y a composite number?
False
Is 2*(-10 - (-911448)/16) a composite number?
True
Let j(p) be the first derivative of p**5/15 + p**4/8 - 5*p**3 - p**2 + 16. Let q(v) be the second derivative of j(v). Is q(-23) prime?
True
Let s(x) be the first derivative of 14 - 7/2*x**2 + 15*x + x**3. Is s(7) composite?
False
Suppose 3*w = 4*x + 41442, -6*w = -3*w - 6. Is 2*-1*-3*x/(-54) a prime number?
True
Is 344744*(8 + 882/(-112)) a prime number?
True
Suppose -3*m + 38*m = -3*m + 816202. Is m composite?
True
Let u(c) = -c**3 + 18*c**2 - 24*c - 59. Let a(m) = m**3 - 17*m**2 + 24*m + 58. Let s(k) = 4*a(k) + 3*u(k). Is s(12) prime?
False
Let a(u) = 9*u**2 + 61*u - 249. Is a(-119) prime?
False
Is 1 + 2/(-5) + 527938680/2325 prime?
False
Let u = 90880 - -157161. Is u prime?
True
Is ((-6756166)/(-5))/((-1894)/(-4735)) a prime number?
True
Let m(s) = s**3 + 17*s**2 + 13*s + 23. Let y be -9*(((-12)/18 - 0) + 2). Is m(y) prime?
True
Let a = -14 - -6. Let g(d) = -144*d - 25. Let z(w) = 96*w + 17. Let h(